{"id":4302,"date":"2022-06-29T18:27:34","date_gmt":"2022-06-29T18:27:34","guid":{"rendered":"https:\/\/coocky.pl\/?post_type=product&#038;p=4302"},"modified":"2024-09-09T13:58:43","modified_gmt":"2024-09-09T11:58:43","slug":"regulowane-szelki-dla-psa","status":"publish","type":"product","link":"https:\/\/coocky.pl\/index.php\/produkt\/regulowane-szelki-dla-psa\/","title":{"rendered":"Regulowane szelki ta\u015bmowe z kokardkami KOLORY"},"content":{"rendered":"<ul>\n<li><b>Doskona\u0142y wyb\u00f3r na codzienne aktywno\u015bci na \u015bwie\u017cym powietrzu.<\/b><\/li>\n<li><b>Lekka, prosta, a przy tym solidna konstrukcja.<\/b><\/li>\n<li><b>Kr\u00f3j szelek uniemo\u017cliwia wydostanie si\u0119 pupila.<\/b><\/li>\n<li><b>Du\u017cy zakres regulacji pozwala na w\u0142a\u015bciwe dopasowanie si\u0119 szelek do cia\u0142a pupila.<\/b><\/li>\n<li><b>Doskona\u0142y wyb\u00f3r dla szczeniak\u00f3w i strachliwych psiak\u00f3w.<\/b><\/li>\n<li><b>Szelki uszyte z mocnych ta\u015bm parcianych.<\/b><\/li>\n<li><b>Plastikowa klamra i regulatory dobrane kolorystycznie.<\/b><\/li>\n<li><b>Ca\u0142o\u015b\u0107 uzupe\u0142niona uroczymi kokardkami.<\/b><\/li>\n<li><b>\u015awietny design sprawi, \u017ce nikt oboj\u0119tnie nie przejdzie obok Twojego pupila.<\/b><\/li>\n<\/ul>\n<h4>Szelki regulowane w klatce piersiowej.<\/h4>\n<h4>Szelki szyjemy w czterech standardowych rozmiarach.<\/h4>\n<h4>Na indywidualne zam\u00f3wienie istnieje mo\u017cliwo\u015b\u0107 wykonania szelek na miar\u0119.<\/h4>\n<p>&nbsp;<\/p>\n<div class=\"_1bo4a _xu6h2 _1ylmp _2d49e_YrWCD\">\n<div class=\"_1voj4 _z9prt _1xzdi _ai5yc _5d6n2 _15lj1\">\n<div class=\"_2d49e_5pK0q\">\n<h4>Rozmiar S &#8211; obw\u00f3d klatki piersiowej 25-33 cm<\/h4>\n<h4>Rozmiar M &#8211; obw\u00f3d klatki piersiowej 34-44 cm<\/h4>\n<h4>Rozmiar L &#8211; obw\u00f3d klatki piersiowej 40-57 cm<\/h4>\n<h4>Rozmiar XL &#8211; obw\u00f3d klatki piersiowej 48-68 cm<\/h4>\n<h4><\/h4>\n<h4>&#8222;Obw\u00f3d klatki piersiowej&#8221; to wymiar szelek przed i po rozszerzeniu na ta\u015bmach regulacyjnych.<\/h4>\n<p>&nbsp;<\/p>\n<h4><span style=\"font-size: 16px;\">Je\u015bli wymiary Twojego pupila nie pasuj\u0105 do \u017cadnego z powy\u017cej podanych rozmiar\u00f3w, SKONTAKTUJ SI\u0118 Z NAMI &#8211; ISTNIEJE MO\u017bLIWO\u015a\u0106 USZYCIA SZELEK NA MIAR\u0118!\u00a0<\/span><\/h4>\n<\/div>\n<p>&nbsp;<\/p>\n<h6><strong>ABY W\u0141A\u015aCIWIE DOBRA\u0106 ROZMIAR SZELEK, ZMIERZ SWOJEGO PUPILA WED\u0141UG INSTRUKCJI (grafika z instrukcj\u0105 mierzenia znajduje si\u0119 w galerii, u g\u00f3ry strony)<\/strong><\/h6>\n<h6><strong>WYMIARY PODANE POWY\u017bEJ TO WYMIARY JAKIE POWINIEN MIE\u0106 TW\u00d3J PIESEK<\/strong><\/h6>\n<h6><strong>BEZ DODANIA LUZU<\/strong><\/h6>\n<h6>1 &#8211; d\u0142ugo\u015b\u0107 od nasady szyi do pocz\u0105tku ogona<\/h6>\n<h6><strong>2 &#8211; obw\u00f3d u nasady szyi<\/strong><\/h6>\n<h6><strong>3 &#8211; obw\u00f3d klatki piersiowej w jej najszerszym miejscu<\/strong><\/h6>\n<h6><\/h6>\n<h6>Wa\u017cne:<\/h6>\n<h6>Pieska mierzymy bez dodania tzw. luzu!<\/h6>\n<p>&nbsp;<\/p>\n<p>Wy\u015bwietlane na Twoim monitorze\u00a0kolory\u00a0mog\u0105 nieco r\u00f3\u017cni\u0107 si\u0119 od rzeczywistych.<br \/>\nInformujemy, \u017ce wszystkie zdj\u0119cia przedstawione na aukcji s\u0105 w\u0142asno\u015bci\u0105 firmy COOCKY, a ich kopiowanie jest zabronione!<\/p>\n<\/div>\n<\/div>\n","protected":false},"excerpt":{"rendered":"<p>Doskona\u0142y wyb\u00f3r na codzienne aktywno\u015bci na \u015bwie\u017cym powietrzu. Lekka, prosta, a przy tym solidna konstrukcja. Kr\u00f3j szelek uniemo\u017cliwia wydostanie si\u0119 pupila. Du\u017cy zakres regulacji pozwala na w\u0142a\u015bciwe dopasowanie si\u0119 szelek do cia\u0142a pupila. Doskona\u0142y wyb\u00f3r dla szczeniak\u00f3w i strachliwych psiak\u00f3w. Szelki uszyte z mocnych ta\u015bm parcianych. Plastikowa klamra i regulatory dobrane kolorystycznie. Ca\u0142o\u015b\u0107 uzupe\u0142niona uroczymi [&hellip;]<\/p>\n","protected":false},"featured_media":4298,"template":"","meta":{"_acf_changed":false,"site-sidebar-layout":"default","site-content-layout":"default","ast-site-content-layout":"default","site-content-style":"default","site-sidebar-style":"default","ast-global-header-display":"","ast-banner-title-visibility":"","ast-main-header-display":"","ast-hfb-above-header-display":"","ast-hfb-below-header-display":"","ast-hfb-mobile-header-display":"","site-post-title":"","ast-breadcrumbs-content":"","ast-featured-img":"","footer-sml-layout":"","theme-transparent-header-meta":"default","adv-header-id-meta":"","stick-header-meta":"","header-above-stick-meta":"","header-main-stick-meta":"","header-below-stick-meta":"","astra-migrate-meta-layouts":"set","ast-page-background-enabled":"default","ast-page-background-meta":{"desktop":{"background-color":"var(--ast-global-color-4)","background-image":"","background-repeat":"repeat","background-position":"center center","background-size":"auto","background-attachment":"scroll","background-type":"","background-media":"","overlay-type":"","overlay-color":"","overlay-gradient":""},"tablet":{"background-color":"","background-image":"","background-repeat":"repeat","background-position":"center center","background-size":"auto","background-attachment":"scroll","background-type":"","background-media":"","overlay-type":"","overlay-color":"","overlay-gradient":""},"mobile":{"background-color":"","background-image":"","background-repeat":"repeat","background-position":"center center","background-size":"auto","background-attachment":"scroll","background-type":"","background-media":"","overlay-type":"","overlay-color":"","overlay-gradient":""}},"ast-content-background-meta":{"desktop":{"background-color":"var(--ast-global-color-5)","background-image":"","background-repeat":"repeat","background-position":"center center","background-size":"auto","background-attachment":"scroll","background-type":"","background-media":"","overlay-type":"","overlay-color":"","overlay-gradient":""},"tablet":{"background-color":"var(--ast-global-color-5)","background-image":"","background-repeat":"repeat","background-position":"center center","background-size":"auto","background-attachment":"scroll","background-type":"","background-media":"","overlay-type":"","overlay-color":"","overlay-gradient":""},"mobile":{"background-color":"var(--ast-global-color-5)","background-image":"","background-repeat":"repeat","background-position":"center center","background-size":"auto","background-attachment":"scroll","background-type":"","background-media":"","overlay-type":"","overlay-color":"","overlay-gradient":""}}},"product_cat":[227,159],"product_tag":[190,191,173,192,188],"acf":[],"yoast_head":"<!-- This site is optimized with the Yoast SEO plugin v22.5 - https:\/\/yoast.com\/wordpress\/plugins\/seo\/ -->\n<title>Regulowane Szelki dla Psa - Lekkie Szelki dla Ps\u00f3w i Kot\u00f3w.<\/title>\n<meta name=\"description\" content=\"Wygodne, mocne, regulowane szelki dla psa lub kota firmy Coocky. Polecane przez lekarzy weterynarii. Sam zaprojektuj szelki dla swojego pupila!\" \/>\n<meta name=\"robots\" content=\"index, follow, max-snippet:-1, max-image-preview:large, max-video-preview:-1\" \/>\n<link rel=\"canonical\" href=\"https:\/\/coocky.pl\/index.php\/produkt\/regulowane-szelki-dla-psa\/\" \/>\n<meta property=\"og:locale\" content=\"pl_PL\" \/>\n<meta property=\"og:type\" content=\"article\" \/>\n<meta property=\"og:title\" content=\"Regulowane Szelki dla Psa - Lekkie Szelki dla Ps\u00f3w i Kot\u00f3w.\" \/>\n<meta property=\"og:description\" content=\"Wygodne, mocne, regulowane szelki dla psa lub kota firmy Coocky. Polecane przez lekarzy weterynarii. Sam zaprojektuj szelki dla swojego pupila!\" \/>\n<meta property=\"og:url\" content=\"https:\/\/coocky.pl\/index.php\/produkt\/regulowane-szelki-dla-psa\/\" \/>\n<meta property=\"article:publisher\" content=\"https:\/\/www.facebook.com\/ubranka.coocky\" \/>\n<meta property=\"article:modified_time\" content=\"2024-09-09T11:58:43+00:00\" \/>\n<meta property=\"og:image\" content=\"https:\/\/coocky.pl\/wp-content\/uploads\/2022\/06\/DSC2227-scaled.jpg\" \/>\n\t<meta property=\"og:image:width\" content=\"2284\" \/>\n\t<meta property=\"og:image:height\" content=\"2560\" \/>\n\t<meta property=\"og:image:type\" content=\"image\/jpeg\" \/>\n<meta name=\"twitter:card\" content=\"summary_large_image\" \/>\n<meta name=\"twitter:label1\" content=\"Szacowany czas czytania\" \/>\n\t<meta name=\"twitter:data1\" content=\"2 minuty\" \/>\n<script type=\"application\/ld+json\" class=\"yoast-schema-graph\">{\"@context\":\"https:\/\/schema.org\",\"@graph\":[{\"@type\":\"WebPage\",\"@id\":\"https:\/\/coocky.pl\/index.php\/produkt\/regulowane-szelki-dla-psa\/\",\"url\":\"https:\/\/coocky.pl\/index.php\/produkt\/regulowane-szelki-dla-psa\/\",\"name\":\"Regulowane Szelki dla Psa - Lekkie Szelki dla Ps\u00f3w i Kot\u00f3w.\",\"isPartOf\":{\"@id\":\"https:\/\/coocky.pl\/#website\"},\"primaryImageOfPage\":{\"@id\":\"https:\/\/coocky.pl\/index.php\/produkt\/regulowane-szelki-dla-psa\/#primaryimage\"},\"image\":{\"@id\":\"https:\/\/coocky.pl\/index.php\/produkt\/regulowane-szelki-dla-psa\/#primaryimage\"},\"thumbnailUrl\":\"https:\/\/coocky.pl\/wp-content\/uploads\/2022\/06\/DSC2227-scaled.jpg\",\"datePublished\":\"2022-06-29T18:27:34+00:00\",\"dateModified\":\"2024-09-09T11:58:43+00:00\",\"description\":\"Wygodne, mocne, regulowane szelki dla psa lub kota firmy Coocky. Polecane przez lekarzy weterynarii. Sam zaprojektuj szelki dla swojego pupila!\",\"breadcrumb\":{\"@id\":\"https:\/\/coocky.pl\/index.php\/produkt\/regulowane-szelki-dla-psa\/#breadcrumb\"},\"inLanguage\":\"pl-PL\",\"potentialAction\":[{\"@type\":\"ReadAction\",\"target\":[\"https:\/\/coocky.pl\/index.php\/produkt\/regulowane-szelki-dla-psa\/\"]}]},{\"@type\":\"ImageObject\",\"inLanguage\":\"pl-PL\",\"@id\":\"https:\/\/coocky.pl\/index.php\/produkt\/regulowane-szelki-dla-psa\/#primaryimage\",\"url\":\"https:\/\/coocky.pl\/wp-content\/uploads\/2022\/06\/DSC2227-scaled.jpg\",\"contentUrl\":\"https:\/\/coocky.pl\/wp-content\/uploads\/2022\/06\/DSC2227-scaled.jpg\",\"width\":2284,\"height\":2560},{\"@type\":\"BreadcrumbList\",\"@id\":\"https:\/\/coocky.pl\/index.php\/produkt\/regulowane-szelki-dla-psa\/#breadcrumb\",\"itemListElement\":[{\"@type\":\"ListItem\",\"position\":1,\"name\":\"Strona g\u0142\u00f3wna\",\"item\":\"https:\/\/coocky.pl\/\"},{\"@type\":\"ListItem\",\"position\":2,\"name\":\"Sklep\",\"item\":\"https:\/\/coocky.pl\/index.php\/kategorie\/\"},{\"@type\":\"ListItem\",\"position\":3,\"name\":\"Regulowane szelki ta\u015bmowe z kokardkami KOLORY\"}]},{\"@type\":\"WebSite\",\"@id\":\"https:\/\/coocky.pl\/#website\",\"url\":\"https:\/\/coocky.pl\/\",\"name\":\"\",\"description\":\"Sklep z ubrankami dla ps\u00f3w\",\"potentialAction\":[{\"@type\":\"SearchAction\",\"target\":{\"@type\":\"EntryPoint\",\"urlTemplate\":\"https:\/\/coocky.pl\/?s={search_term_string}\"},\"query-input\":\"required name=search_term_string\"}],\"inLanguage\":\"pl-PL\"}]}<\/script>\n<!-- \/ Yoast SEO plugin. -->","yoast_head_json":{"title":"Regulowane Szelki dla Psa - Lekkie Szelki dla Ps\u00f3w i Kot\u00f3w.","description":"Wygodne, mocne, regulowane szelki dla psa lub kota firmy Coocky. Polecane przez lekarzy weterynarii. Sam zaprojektuj szelki dla swojego pupila!","robots":{"index":"index","follow":"follow","max-snippet":"max-snippet:-1","max-image-preview":"max-image-preview:large","max-video-preview":"max-video-preview:-1"},"canonical":"https:\/\/coocky.pl\/index.php\/produkt\/regulowane-szelki-dla-psa\/","og_locale":"pl_PL","og_type":"article","og_title":"Regulowane Szelki dla Psa - Lekkie Szelki dla Ps\u00f3w i Kot\u00f3w.","og_description":"Wygodne, mocne, regulowane szelki dla psa lub kota firmy Coocky. Polecane przez lekarzy weterynarii. Sam zaprojektuj szelki dla swojego pupila!","og_url":"https:\/\/coocky.pl\/index.php\/produkt\/regulowane-szelki-dla-psa\/","article_publisher":"https:\/\/www.facebook.com\/ubranka.coocky","article_modified_time":"2024-09-09T11:58:43+00:00","og_image":[{"width":2284,"height":2560,"url":"https:\/\/coocky.pl\/wp-content\/uploads\/2022\/06\/DSC2227-scaled.jpg","type":"image\/jpeg"}],"twitter_card":"summary_large_image","twitter_misc":{"Szacowany czas czytania":"2 minuty"},"schema":{"@context":"https:\/\/schema.org","@graph":[{"@type":"WebPage","@id":"https:\/\/coocky.pl\/index.php\/produkt\/regulowane-szelki-dla-psa\/","url":"https:\/\/coocky.pl\/index.php\/produkt\/regulowane-szelki-dla-psa\/","name":"Regulowane Szelki dla Psa - Lekkie Szelki dla Ps\u00f3w i Kot\u00f3w.","isPartOf":{"@id":"https:\/\/coocky.pl\/#website"},"primaryImageOfPage":{"@id":"https:\/\/coocky.pl\/index.php\/produkt\/regulowane-szelki-dla-psa\/#primaryimage"},"image":{"@id":"https:\/\/coocky.pl\/index.php\/produkt\/regulowane-szelki-dla-psa\/#primaryimage"},"thumbnailUrl":"https:\/\/coocky.pl\/wp-content\/uploads\/2022\/06\/DSC2227-scaled.jpg","datePublished":"2022-06-29T18:27:34+00:00","dateModified":"2024-09-09T11:58:43+00:00","description":"Wygodne, mocne, regulowane szelki dla psa lub kota firmy Coocky. Polecane przez lekarzy weterynarii. Sam zaprojektuj szelki dla swojego pupila!","breadcrumb":{"@id":"https:\/\/coocky.pl\/index.php\/produkt\/regulowane-szelki-dla-psa\/#breadcrumb"},"inLanguage":"pl-PL","potentialAction":[{"@type":"ReadAction","target":["https:\/\/coocky.pl\/index.php\/produkt\/regulowane-szelki-dla-psa\/"]}]},{"@type":"ImageObject","inLanguage":"pl-PL","@id":"https:\/\/coocky.pl\/index.php\/produkt\/regulowane-szelki-dla-psa\/#primaryimage","url":"https:\/\/coocky.pl\/wp-content\/uploads\/2022\/06\/DSC2227-scaled.jpg","contentUrl":"https:\/\/coocky.pl\/wp-content\/uploads\/2022\/06\/DSC2227-scaled.jpg","width":2284,"height":2560},{"@type":"BreadcrumbList","@id":"https:\/\/coocky.pl\/index.php\/produkt\/regulowane-szelki-dla-psa\/#breadcrumb","itemListElement":[{"@type":"ListItem","position":1,"name":"Strona g\u0142\u00f3wna","item":"https:\/\/coocky.pl\/"},{"@type":"ListItem","position":2,"name":"Sklep","item":"https:\/\/coocky.pl\/index.php\/kategorie\/"},{"@type":"ListItem","position":3,"name":"Regulowane szelki ta\u015bmowe z kokardkami KOLORY"}]},{"@type":"WebSite","@id":"https:\/\/coocky.pl\/#website","url":"https:\/\/coocky.pl\/","name":"","description":"Sklep z ubrankami dla ps\u00f3w","potentialAction":[{"@type":"SearchAction","target":{"@type":"EntryPoint","urlTemplate":"https:\/\/coocky.pl\/?s={search_term_string}"},"query-input":"required name=search_term_string"}],"inLanguage":"pl-PL"}]}},"_links":{"self":[{"href":"https:\/\/coocky.pl\/index.php\/wp-json\/wp\/v2\/product\/4302"}],"collection":[{"href":"https:\/\/coocky.pl\/index.php\/wp-json\/wp\/v2\/product"}],"about":[{"href":"https:\/\/coocky.pl\/index.php\/wp-json\/wp\/v2\/types\/product"}],"version-history":[{"count":2,"href":"https:\/\/coocky.pl\/index.php\/wp-json\/wp\/v2\/product\/4302\/revisions"}],"predecessor-version":[{"id":5410,"href":"https:\/\/coocky.pl\/index.php\/wp-json\/wp\/v2\/product\/4302\/revisions\/5410"}],"wp:featuredmedia":[{"embeddable":true,"href":"https:\/\/coocky.pl\/index.php\/wp-json\/wp\/v2\/media\/4298"}],"wp:attachment":[{"href":"https:\/\/coocky.pl\/index.php\/wp-json\/wp\/v2\/media?parent=4302"}],"wp:term":[{"taxonomy":"product_cat","embeddable":true,"href":"https:\/\/coocky.pl\/index.php\/wp-json\/wp\/v2\/product_cat?post=4302"},{"taxonomy":"product_tag","embeddable":true,"href":"https:\/\/coocky.pl\/index.php\/wp-json\/wp\/v2\/product_tag?post=4302"}],"curies":[{"name":"wp","href":"https:\/\/api.w.org\/{rel}","templated":true}]}}