{"id":3537,"date":"2021-05-25T13:32:09","date_gmt":"2021-05-25T13:32:09","guid":{"rendered":"https:\/\/coocky.pl\/?post_type=product&#038;p=3537"},"modified":"2024-08-07T10:58:59","modified_gmt":"2024-08-07T08:58:59","slug":"majtki-dla-suni-na-cieczke-maj028","status":"publish","type":"product","link":"https:\/\/coocky.pl\/index.php\/produkt\/majtki-dla-suni-na-cieczke-maj028\/","title":{"rendered":"Majtki dla suni na cieczk\u0119 MAJ028"},"content":{"rendered":"<h3>MAJTKI, MAJTECZKI DLA SUNI NA CIECZK\u0118<\/h3>\n<h3>Wz\u00f3r : MAJ028<\/h3>\n<ul>\n<li>Majteczki szyte z bardzo wysokiej jako\u015bci bawe\u0142ny z dodatkiem stretchu;<\/li>\n<li>Majtki s\u0105 bardzo praktyczne i wygodne, a dodatkowo starannie wykonane;<\/li>\n<li>Za pomoc\u0105 regulatora w pasie mo\u017cna dopasowa\u0107 majteczki do cia\u0142a suni;<\/li>\n<li>Wewn\u0105trz majteczek znajduje si\u0119 kieszonka z siateczki, na kt\u00f3r\u0105 naklejamy wk\u0142adki higieniczne;<\/li>\n<li>Majteczki przeznaczone dla wszystkich ras suczek.<\/li>\n<\/ul>\n<p>PODANE PONI\u017bEJ WYMIARY, TO WYMIARY BEZ ROZCI\u0104GNI\u0118CIA DO MAKSYMALNYCH WYMIAR\u00d3W MAJTECZEK PODANYCH JU\u017b PO ROZCI\u0104GNI\u0118CIU!<br \/>\nnp. rozmiar &#8222;S&#8221;: MAJTECZKI BEZ ROZCI\u0104GNI\u0118CIA MAJ\u0104 30 cm, NATOMIAST PO ROZCI\u0104GNI\u0118CIU MAJ\u0104 36 cm.<br \/>\n<em>JE\u015aLI\u00a0 SUNIA MA W OBWODZIE np.<\/em> 36 cm, TO ZALECAMY ZAM\u00d3WI\u0106 ROZMIAR &#8222;M&#8221;, PONIEWA\u017b WSZYSTKIE MAJTECZKI MO\u017bNA REGULOWA\u0106 W OBWODZIE STOPERKIEM, WI\u0118C WTEDY LEPIEJ ZAM\u00d3WI\u0106 ROZMIAR WI\u0118KSZY !<\/p>\n<p>Je\u017celi nie znalaz\u0142a\u015b\/e\u015b odpowiedniego rozmiaru dla swojego pupila SKONTAKTUJ SI\u0118 Z NAMI \ud83d\ude09 Istnieje mo\u017cliwo\u015b\u0107 uszycia majtek NA MIAR\u0118<\/p>\n<h6>rozmiar XXS:\u00a0 \u00a020-23 cm<\/h6>\n<h6>rozmiar XS:\u00a0 \u00a0 \u00a024-29 cm<\/h6>\n<h6>rozmiar S:\u00a0 \u00a0 \u00a0 \u00a0 30-36 cm<\/h6>\n<h6>rozmiar M:\u00a0 \u00a0 \u00a0 \u00a037-42 cm<\/h6>\n<h6>rozmiar L:\u00a0 \u00a0 \u00a0 \u00a0 43-47 cm<\/h6>\n<h6>rozmiar XL:\u00a0 \u00a0 \u00a0 48-55 cm<\/h6>\n<h6>rozmiar XXL:\u00a0\u00a0 56-62 cm<\/h6>\n<p>&nbsp;<\/p>\n<h4>Je\u017celi nie znalaz\u0142a\u015b\/e\u015b odpowiedniego rozmiaru dla Twojego pupila SKONTAKTUJ SI\u0118 Z NAMI. Oferujemy mo\u017cliwo\u015b\u0107 uszycia majteczek na miar\u0119 \ud83d\ude09<\/h4>\n<p>&nbsp;<\/p>\n<p>&nbsp;<\/p>\n","protected":false},"excerpt":{"rendered":"<p>Majtki, majteczki dla suni na cieczk\u0119<\/p>\n","protected":false},"featured_media":2362,"template":"","meta":{"_acf_changed":false,"site-sidebar-layout":"default","site-content-layout":"default","ast-site-content-layout":"default","site-content-style":"default","site-sidebar-style":"default","ast-global-header-display":"","ast-banner-title-visibility":"","ast-main-header-display":"","ast-hfb-above-header-display":"","ast-hfb-below-header-display":"","ast-hfb-mobile-header-display":"","site-post-title":"","ast-breadcrumbs-content":"","ast-featured-img":"","footer-sml-layout":"","theme-transparent-header-meta":"default","adv-header-id-meta":"","stick-header-meta":"","header-above-stick-meta":"","header-main-stick-meta":"","header-below-stick-meta":"","astra-migrate-meta-layouts":"set","ast-page-background-enabled":"default","ast-page-background-meta":{"desktop":{"background-color":"var(--ast-global-color-4)","background-image":"","background-repeat":"repeat","background-position":"center center","background-size":"auto","background-attachment":"scroll","background-type":"","background-media":"","overlay-type":"","overlay-color":"","overlay-gradient":""},"tablet":{"background-color":"","background-image":"","background-repeat":"repeat","background-position":"center center","background-size":"auto","background-attachment":"scroll","background-type":"","background-media":"","overlay-type":"","overlay-color":"","overlay-gradient":""},"mobile":{"background-color":"","background-image":"","background-repeat":"repeat","background-position":"center center","background-size":"auto","background-attachment":"scroll","background-type":"","background-media":"","overlay-type":"","overlay-color":"","overlay-gradient":""}},"ast-content-background-meta":{"desktop":{"background-color":"var(--ast-global-color-5)","background-image":"","background-repeat":"repeat","background-position":"center center","background-size":"auto","background-attachment":"scroll","background-type":"","background-media":"","overlay-type":"","overlay-color":"","overlay-gradient":""},"tablet":{"background-color":"var(--ast-global-color-5)","background-image":"","background-repeat":"repeat","background-position":"center center","background-size":"auto","background-attachment":"scroll","background-type":"","background-media":"","overlay-type":"","overlay-color":"","overlay-gradient":""},"mobile":{"background-color":"var(--ast-global-color-5)","background-image":"","background-repeat":"repeat","background-position":"center center","background-size":"auto","background-attachment":"scroll","background-type":"","background-media":"","overlay-type":"","overlay-color":"","overlay-gradient":""}}},"product_cat":[208,158],"product_tag":[173,174,209,210,172,212,211,175],"acf":[],"yoast_head":"<!-- This site is optimized with the Yoast SEO plugin v22.5 - https:\/\/yoast.com\/wordpress\/plugins\/seo\/ -->\n<title>Majtki dla Suni na Cieczk\u0119 Maj028 - Mi\u0119kkie Majtki dla Psa.<\/title>\n<meta name=\"description\" content=\"Majtki dla psa (suni) firmy Coocky. Wykonane z wysokiej jako\u015bci bawe\u0142ny z dodatkiem stretchu. Posiadaj\u0105 regulator w pasie, u\u0142atwiaj\u0105cy dopasowanie majtek.\" \/>\n<meta name=\"robots\" content=\"index, follow, max-snippet:-1, max-image-preview:large, max-video-preview:-1\" \/>\n<link rel=\"canonical\" href=\"https:\/\/coocky.pl\/index.php\/produkt\/majtki-dla-suni-na-cieczke-maj028\/\" \/>\n<meta property=\"og:locale\" content=\"pl_PL\" \/>\n<meta property=\"og:type\" content=\"article\" \/>\n<meta property=\"og:title\" content=\"Majtki dla Suni na Cieczk\u0119 Maj028 - Mi\u0119kkie Majtki dla Psa.\" \/>\n<meta property=\"og:description\" content=\"Majtki dla psa (suni) firmy Coocky. Wykonane z wysokiej jako\u015bci bawe\u0142ny z dodatkiem stretchu. Posiadaj\u0105 regulator w pasie, u\u0142atwiaj\u0105cy dopasowanie majtek.\" \/>\n<meta property=\"og:url\" content=\"https:\/\/coocky.pl\/index.php\/produkt\/majtki-dla-suni-na-cieczke-maj028\/\" \/>\n<meta property=\"article:publisher\" content=\"https:\/\/www.facebook.com\/ubranka.coocky\" \/>\n<meta property=\"article:modified_time\" content=\"2024-08-07T08:58:59+00:00\" \/>\n<meta property=\"og:image\" content=\"https:\/\/coocky.pl\/wp-content\/uploads\/2020\/08\/Bey-1.jpg\" \/>\n\t<meta property=\"og:image:width\" content=\"1200\" \/>\n\t<meta property=\"og:image:height\" content=\"1200\" \/>\n\t<meta property=\"og:image:type\" content=\"image\/jpeg\" \/>\n<meta name=\"twitter:card\" content=\"summary_large_image\" \/>\n<meta name=\"twitter:label1\" content=\"Szacowany czas czytania\" \/>\n\t<meta name=\"twitter:data1\" content=\"2 minuty\" \/>\n<script type=\"application\/ld+json\" class=\"yoast-schema-graph\">{\"@context\":\"https:\/\/schema.org\",\"@graph\":[{\"@type\":\"WebPage\",\"@id\":\"https:\/\/coocky.pl\/index.php\/produkt\/majtki-dla-suni-na-cieczke-maj028\/\",\"url\":\"https:\/\/coocky.pl\/index.php\/produkt\/majtki-dla-suni-na-cieczke-maj028\/\",\"name\":\"Majtki dla Suni na Cieczk\u0119 Maj028 - Mi\u0119kkie Majtki dla Psa.\",\"isPartOf\":{\"@id\":\"https:\/\/coocky.pl\/#website\"},\"primaryImageOfPage\":{\"@id\":\"https:\/\/coocky.pl\/index.php\/produkt\/majtki-dla-suni-na-cieczke-maj028\/#primaryimage\"},\"image\":{\"@id\":\"https:\/\/coocky.pl\/index.php\/produkt\/majtki-dla-suni-na-cieczke-maj028\/#primaryimage\"},\"thumbnailUrl\":\"https:\/\/coocky.pl\/wp-content\/uploads\/2020\/08\/Bey-1.jpg\",\"datePublished\":\"2021-05-25T13:32:09+00:00\",\"dateModified\":\"2024-08-07T08:58:59+00:00\",\"description\":\"Majtki dla psa (suni) firmy Coocky. Wykonane z wysokiej jako\u015bci bawe\u0142ny z dodatkiem stretchu. Posiadaj\u0105 regulator w pasie, u\u0142atwiaj\u0105cy dopasowanie majtek.\",\"breadcrumb\":{\"@id\":\"https:\/\/coocky.pl\/index.php\/produkt\/majtki-dla-suni-na-cieczke-maj028\/#breadcrumb\"},\"inLanguage\":\"pl-PL\",\"potentialAction\":[{\"@type\":\"ReadAction\",\"target\":[\"https:\/\/coocky.pl\/index.php\/produkt\/majtki-dla-suni-na-cieczke-maj028\/\"]}]},{\"@type\":\"ImageObject\",\"inLanguage\":\"pl-PL\",\"@id\":\"https:\/\/coocky.pl\/index.php\/produkt\/majtki-dla-suni-na-cieczke-maj028\/#primaryimage\",\"url\":\"https:\/\/coocky.pl\/wp-content\/uploads\/2020\/08\/Bey-1.jpg\",\"contentUrl\":\"https:\/\/coocky.pl\/wp-content\/uploads\/2020\/08\/Bey-1.jpg\",\"width\":1200,\"height\":1200},{\"@type\":\"BreadcrumbList\",\"@id\":\"https:\/\/coocky.pl\/index.php\/produkt\/majtki-dla-suni-na-cieczke-maj028\/#breadcrumb\",\"itemListElement\":[{\"@type\":\"ListItem\",\"position\":1,\"name\":\"Strona g\u0142\u00f3wna\",\"item\":\"https:\/\/coocky.pl\/\"},{\"@type\":\"ListItem\",\"position\":2,\"name\":\"Sklep\",\"item\":\"https:\/\/coocky.pl\/index.php\/kategorie\/\"},{\"@type\":\"ListItem\",\"position\":3,\"name\":\"Majtki dla suni na cieczk\u0119 MAJ028\"}]},{\"@type\":\"WebSite\",\"@id\":\"https:\/\/coocky.pl\/#website\",\"url\":\"https:\/\/coocky.pl\/\",\"name\":\"\",\"description\":\"Sklep z ubrankami dla ps\u00f3w\",\"potentialAction\":[{\"@type\":\"SearchAction\",\"target\":{\"@type\":\"EntryPoint\",\"urlTemplate\":\"https:\/\/coocky.pl\/?s={search_term_string}\"},\"query-input\":\"required name=search_term_string\"}],\"inLanguage\":\"pl-PL\"}]}<\/script>\n<!-- \/ Yoast SEO plugin. -->","yoast_head_json":{"title":"Majtki dla Suni na Cieczk\u0119 Maj028 - Mi\u0119kkie Majtki dla Psa.","description":"Majtki dla psa (suni) firmy Coocky. Wykonane z wysokiej jako\u015bci bawe\u0142ny z dodatkiem stretchu. Posiadaj\u0105 regulator w pasie, u\u0142atwiaj\u0105cy dopasowanie majtek.","robots":{"index":"index","follow":"follow","max-snippet":"max-snippet:-1","max-image-preview":"max-image-preview:large","max-video-preview":"max-video-preview:-1"},"canonical":"https:\/\/coocky.pl\/index.php\/produkt\/majtki-dla-suni-na-cieczke-maj028\/","og_locale":"pl_PL","og_type":"article","og_title":"Majtki dla Suni na Cieczk\u0119 Maj028 - Mi\u0119kkie Majtki dla Psa.","og_description":"Majtki dla psa (suni) firmy Coocky. Wykonane z wysokiej jako\u015bci bawe\u0142ny z dodatkiem stretchu. Posiadaj\u0105 regulator w pasie, u\u0142atwiaj\u0105cy dopasowanie majtek.","og_url":"https:\/\/coocky.pl\/index.php\/produkt\/majtki-dla-suni-na-cieczke-maj028\/","article_publisher":"https:\/\/www.facebook.com\/ubranka.coocky","article_modified_time":"2024-08-07T08:58:59+00:00","og_image":[{"width":1200,"height":1200,"url":"https:\/\/coocky.pl\/wp-content\/uploads\/2020\/08\/Bey-1.jpg","type":"image\/jpeg"}],"twitter_card":"summary_large_image","twitter_misc":{"Szacowany czas czytania":"2 minuty"},"schema":{"@context":"https:\/\/schema.org","@graph":[{"@type":"WebPage","@id":"https:\/\/coocky.pl\/index.php\/produkt\/majtki-dla-suni-na-cieczke-maj028\/","url":"https:\/\/coocky.pl\/index.php\/produkt\/majtki-dla-suni-na-cieczke-maj028\/","name":"Majtki dla Suni na Cieczk\u0119 Maj028 - Mi\u0119kkie Majtki dla Psa.","isPartOf":{"@id":"https:\/\/coocky.pl\/#website"},"primaryImageOfPage":{"@id":"https:\/\/coocky.pl\/index.php\/produkt\/majtki-dla-suni-na-cieczke-maj028\/#primaryimage"},"image":{"@id":"https:\/\/coocky.pl\/index.php\/produkt\/majtki-dla-suni-na-cieczke-maj028\/#primaryimage"},"thumbnailUrl":"https:\/\/coocky.pl\/wp-content\/uploads\/2020\/08\/Bey-1.jpg","datePublished":"2021-05-25T13:32:09+00:00","dateModified":"2024-08-07T08:58:59+00:00","description":"Majtki dla psa (suni) firmy Coocky. Wykonane z wysokiej jako\u015bci bawe\u0142ny z dodatkiem stretchu. Posiadaj\u0105 regulator w pasie, u\u0142atwiaj\u0105cy dopasowanie majtek.","breadcrumb":{"@id":"https:\/\/coocky.pl\/index.php\/produkt\/majtki-dla-suni-na-cieczke-maj028\/#breadcrumb"},"inLanguage":"pl-PL","potentialAction":[{"@type":"ReadAction","target":["https:\/\/coocky.pl\/index.php\/produkt\/majtki-dla-suni-na-cieczke-maj028\/"]}]},{"@type":"ImageObject","inLanguage":"pl-PL","@id":"https:\/\/coocky.pl\/index.php\/produkt\/majtki-dla-suni-na-cieczke-maj028\/#primaryimage","url":"https:\/\/coocky.pl\/wp-content\/uploads\/2020\/08\/Bey-1.jpg","contentUrl":"https:\/\/coocky.pl\/wp-content\/uploads\/2020\/08\/Bey-1.jpg","width":1200,"height":1200},{"@type":"BreadcrumbList","@id":"https:\/\/coocky.pl\/index.php\/produkt\/majtki-dla-suni-na-cieczke-maj028\/#breadcrumb","itemListElement":[{"@type":"ListItem","position":1,"name":"Strona g\u0142\u00f3wna","item":"https:\/\/coocky.pl\/"},{"@type":"ListItem","position":2,"name":"Sklep","item":"https:\/\/coocky.pl\/index.php\/kategorie\/"},{"@type":"ListItem","position":3,"name":"Majtki dla suni na cieczk\u0119 MAJ028"}]},{"@type":"WebSite","@id":"https:\/\/coocky.pl\/#website","url":"https:\/\/coocky.pl\/","name":"","description":"Sklep z ubrankami dla ps\u00f3w","potentialAction":[{"@type":"SearchAction","target":{"@type":"EntryPoint","urlTemplate":"https:\/\/coocky.pl\/?s={search_term_string}"},"query-input":"required name=search_term_string"}],"inLanguage":"pl-PL"}]}},"_links":{"self":[{"href":"https:\/\/coocky.pl\/index.php\/wp-json\/wp\/v2\/product\/3537"}],"collection":[{"href":"https:\/\/coocky.pl\/index.php\/wp-json\/wp\/v2\/product"}],"about":[{"href":"https:\/\/coocky.pl\/index.php\/wp-json\/wp\/v2\/types\/product"}],"version-history":[{"count":1,"href":"https:\/\/coocky.pl\/index.php\/wp-json\/wp\/v2\/product\/3537\/revisions"}],"predecessor-version":[{"id":5392,"href":"https:\/\/coocky.pl\/index.php\/wp-json\/wp\/v2\/product\/3537\/revisions\/5392"}],"wp:featuredmedia":[{"embeddable":true,"href":"https:\/\/coocky.pl\/index.php\/wp-json\/wp\/v2\/media\/2362"}],"wp:attachment":[{"href":"https:\/\/coocky.pl\/index.php\/wp-json\/wp\/v2\/media?parent=3537"}],"wp:term":[{"taxonomy":"product_cat","embeddable":true,"href":"https:\/\/coocky.pl\/index.php\/wp-json\/wp\/v2\/product_cat?post=3537"},{"taxonomy":"product_tag","embeddable":true,"href":"https:\/\/coocky.pl\/index.php\/wp-json\/wp\/v2\/product_tag?post=3537"}],"curies":[{"name":"wp","href":"https:\/\/api.w.org\/{rel}","templated":true}]}}